[INFO] cloning repository https://github.com/Kneelawk/neonet2
[INFO] running `Command { std: "git" "-c" "credential.helper=" "-c" "credential.helper=/workspace/cargo-home/bin/git-credential-null" "clone" "--bare" "https://github.com/Kneelawk/neonet2" "/workspace/cache/git-repos/https%3A%2F%2Fgithub.com%2FKneelawk%2Fneonet2", kill_on_drop: false }`
[INFO] [stderr] Cloning into bare repository '/workspace/cache/git-repos/https%3A%2F%2Fgithub.com%2FKneelawk%2Fneonet2'...
[INFO] running `Command { std: "git" "rev-parse" "HEAD", kill_on_drop: false }`
[INFO] [stdout] 0765e4760b921e110f7f256346d9d363e572b7c9
[INFO] checking Kneelawk/neonet2 against master#e6e4f7ed1589e03bc2f6c5931c1a72e7947e8682 for beta-170-4
[INFO] running `Command { std: "git" "clone" "/workspace/cache/git-repos/https%3A%2F%2Fgithub.com%2FKneelawk%2Fneonet2" "/workspace/builds/worker-4-tc2/source", kill_on_drop: false }`
[INFO] [stderr] Cloning into '/workspace/builds/worker-4-tc2/source'...
[INFO] [stderr] done.
[INFO] validating manifest of git repo https://github.com/Kneelawk/neonet2 on toolchain e6e4f7ed1589e03bc2f6c5931c1a72e7947e8682
[INFO] running `Command { std: CARGO_HOME="/workspace/cargo-home" RUSTUP_HOME="/workspace/rustup-home" "/workspace/cargo-home/bin/cargo" "+e6e4f7ed1589e03bc2f6c5931c1a72e7947e8682" "metadata" "--manifest-path" "Cargo.toml" "--no-deps", kill_on_drop: false }`
[INFO] removed /workspace/builds/worker-4-tc2/source/.cargo/config.toml
[INFO] started tweaking git repo https://github.com/Kneelawk/neonet2
[INFO] finished tweaking git repo https://github.com/Kneelawk/neonet2
[INFO] tweaked toml for git repo https://github.com/Kneelawk/neonet2 written to /workspace/builds/worker-4-tc2/source/Cargo.toml
[INFO] crate git repo https://github.com/Kneelawk/neonet2 already has a lockfile, it will not be regenerated
[INFO] running `Command { std: CARGO_HOME="/workspace/cargo-home" RUSTUP_HOME="/workspace/rustup-home" "/workspace/cargo-home/bin/cargo" "+e6e4f7ed1589e03bc2f6c5931c1a72e7947e8682" "fetch" "--manifest-path" "Cargo.toml", kill_on_drop: false }`
[INFO] running `Command { std: "docker" "create" "-v" "/var/lib/crater-agent-workspace/builds/worker-4-tc2/target:/opt/rustwide/target:rw,Z" "-v" "/var/lib/crater-agent-workspace/builds/worker-4-tc2/source:/opt/rustwide/workdir:ro,Z" "-v" "/var/lib/crater-agent-workspace/cargo-home:/opt/rustwide/cargo-home:ro,Z" "-v" "/var/lib/crater-agent-workspace/rustup-home:/opt/rustwide/rustup-home:ro,Z" "-e" "SOURCE_DIR=/opt/rustwide/workdir" "-e" "CARGO_TARGET_DIR=/opt/rustwide/target" "-e" "CARGO_HOME=/opt/rustwide/cargo-home" "-e" "RUSTUP_HOME=/opt/rustwide/rustup-home" "-w" "/opt/rustwide/workdir" "-m" "1610612736" "--user" "0:0" "--network" "none" "ghcr.io/rust-lang/crates-build-env/linux@sha256:19e73879b68f455e41552ea35293514db52ea292d993f571636dbffedb77a1ee" "/opt/rustwide/cargo-home/bin/cargo" "+e6e4f7ed1589e03bc2f6c5931c1a72e7947e8682" "metadata" "--no-deps" "--format-version=1", kill_on_drop: false }`
[INFO] [stdout] 0250682eb87fba0132a293cb64ab65aea7ab113c534544fd56c6d0cd23296cba
[INFO] running `Command { std: "docker" "start" "-a" "0250682eb87fba0132a293cb64ab65aea7ab113c534544fd56c6d0cd23296cba", kill_on_drop: false }`
[INFO] running `Command { std: "docker" "inspect" "0250682eb87fba0132a293cb64ab65aea7ab113c534544fd56c6d0cd23296cba", kill_on_drop: false }`
[INFO] running `Command { std: "docker" "rm" "-f" "0250682eb87fba0132a293cb64ab65aea7ab113c534544fd56c6d0cd23296cba", kill_on_drop: false }`
[INFO] [stdout] 0250682eb87fba0132a293cb64ab65aea7ab113c534544fd56c6d0cd23296cba
[INFO] running `Command { std: "docker" "create" "-v" "/var/lib/crater-agent-workspace/builds/worker-4-tc2/target:/opt/rustwide/target:rw,Z" "-v" "/var/lib/crater-agent-workspace/builds/worker-4-tc2/source:/opt/rustwide/workdir:ro,Z" "-v" "/var/lib/crater-agent-workspace/cargo-home:/opt/rustwide/cargo-home:ro,Z" "-v" "/var/lib/crater-agent-workspace/rustup-home:/opt/rustwide/rustup-home:ro,Z" "-e" "SOURCE_DIR=/opt/rustwide/workdir" "-e" "CARGO_TARGET_DIR=/opt/rustwide/target" "-e" "CARGO_INCREMENTAL=0" "-e" "RUST_BACKTRACE=full" "-e" "RUSTFLAGS=--cap-lints=forbid" "-e" "RUSTDOCFLAGS=--cap-lints=forbid" "-e" "CARGO_HOME=/opt/rustwide/cargo-home" "-e" "RUSTUP_HOME=/opt/rustwide/rustup-home" "-w" "/opt/rustwide/workdir" "-m" "1610612736" "--user" "0:0" "--network" "none" "ghcr.io/rust-lang/crates-build-env/linux@sha256:19e73879b68f455e41552ea35293514db52ea292d993f571636dbffedb77a1ee" "/opt/rustwide/cargo-home/bin/cargo" "+e6e4f7ed1589e03bc2f6c5931c1a72e7947e8682" "check" "--frozen" "--all" "--all-targets" "--message-format=json", kill_on_drop: false }`
[INFO] [stdout] 08d4366f731d031e1f1c32d9ab12e63d0b7cc18ac4184f28a7a93ea1bf926566
[INFO] running `Command { std: "docker" "start" "-a" "08d4366f731d031e1f1c32d9ab12e63d0b7cc18ac4184f28a7a93ea1bf926566", kill_on_drop: false }`
[INFO] [stderr]    Compiling libc v0.2.134
[INFO] [stderr]    Compiling proc-macro2 v1.0.46
[INFO] [stderr]    Compiling unicode-ident v1.0.4
[INFO] [stderr]    Compiling quote v1.0.21
[INFO] [stderr]    Compiling pkg-config v0.3.25
[INFO] [stderr]    Compiling syn v1.0.101
[INFO] [stderr]     Checking once_cell v1.15.0
[INFO] [stderr]     Checking libloading v0.7.3
[INFO] [stderr]    Compiling cmake v0.1.48
[INFO] [stderr]     Checking smallvec v1.10.0
[INFO] [stderr]    Compiling memoffset v0.6.5
[INFO] [stderr]    Compiling xml-rs v0.8.4
[INFO] [stderr]    Compiling thiserror v1.0.37
[INFO] [stderr]    Compiling ahash v0.7.6
[INFO] [stderr]     Checking dlib v0.5.0
[INFO] [stderr]    Compiling num-traits v0.2.15
[INFO] [stderr]    Compiling futures-core v0.3.25
[INFO] [stderr]    Compiling wayland-sys v0.29.5
[INFO] [stderr]    Compiling freetype-sys v0.13.1
[INFO] [stderr]    Compiling expat-sys v2.1.6
[INFO] [stderr]    Compiling servo-fontconfig-sys v5.1.0
[INFO] [stderr]     Checking lock_api v0.4.9
[INFO] [stderr]    Compiling slotmap v1.0.6
[INFO] [stderr]    Compiling wayland-scanner v0.29.5
[INFO] [stderr]    Compiling indexmap v1.9.1
[INFO] [stderr]     Checking minimal-lexical v0.2.1
[INFO] [stderr]     Checking termcolor v1.1.3
[INFO] [stderr]     Checking miniz_oxide v0.5.4
[INFO] [stderr]     Checking nom v7.1.1
[INFO] [stderr]    Compiling futures-task v0.3.25
[INFO] [stderr]    Compiling ash v0.37.0+1.3.209
[INFO] [stderr]     Checking getrandom v0.2.8
[INFO] [stderr]     Checking nix v0.24.2
[INFO] [stderr]     Checking parking_lot_core v0.9.3
[INFO] [stderr]     Checking parking_lot v0.12.1
[INFO] [stderr]     Checking hashbrown v0.12.3
[INFO] [stderr]     Checking bytemuck v1.12.3
[INFO] [stderr]     Checking unicode-width v0.1.10
[INFO] [stderr]    Compiling khronos-egl v4.1.0
[INFO] [stderr]    Compiling futures-channel v0.3.25
[INFO] [stderr]     Checking bit-vec v0.6.3
[INFO] [stderr]     Checking spirv v0.2.0+1.5.4
[INFO] [stderr]     Checking bit-set v0.5.3
[INFO] [stderr]     Checking codespan-reporting v0.11.1
[INFO] [stderr]     Checking flate2 v1.0.24
[INFO] [stderr]    Compiling wayland-client v0.29.5
[INFO] [stderr]    Compiling wayland-protocols v0.29.5
[INFO] [stderr]    Compiling crossfont v0.5.0
[INFO] [stderr]     Checking xcursor v0.3.4
[INFO] [stderr]    Compiling smithay-client-toolkit v0.16.0
[INFO] [stderr]     Checking gpu-descriptor-types v0.1.1
[INFO] [stderr]     Checking gpu-alloc-types v0.2.0
[INFO] [stderr]     Checking hexf-parse v0.2.1
[INFO] [stderr]    Compiling cfg_aliases v0.1.1
[INFO] [stderr]    Compiling futures-util v0.3.25
[INFO] [stderr]     Checking unicode-xid v0.2.4
[INFO] [stderr]     Checking futures-sink v0.3.25
[INFO] [stderr]     Checking foreign-types-shared v0.3.1
[INFO] [stderr]    Compiling wgpu-core v0.14.0
[INFO] [stderr]     Checking tiny-skia-path v0.7.0
[INFO] [stderr]     Checking gpu-alloc v0.5.3
[INFO] [stderr]     Checking gpu-descriptor v0.2.3
[INFO] [stderr]     Checking wayland-commons v0.29.5
[INFO] [stderr]     Checking png v0.17.6
[INFO] [stderr]     Checking servo-fontconfig v0.5.1
[INFO] [stderr]     Checking safe_arch v0.5.2
[INFO] [stderr]     Checking freetype-rs v0.26.0
[INFO] [stderr]     Checking memmap2 v0.5.7
[INFO] [stderr]    Compiling x11-dl v2.20.0
[INFO] [stderr]     Checking wgpu-types v0.14.0
[INFO] [stderr]     Checking renderdoc-sys v0.7.1
[INFO] [stderr]     Checking futures-io v0.3.25
[INFO] [stderr]     Checking profiling v1.0.6
[INFO] [stderr]     Checking arrayvec v0.7.2
[INFO] [stderr]     Checking arrayvec v0.5.2
[INFO] [stderr]     Checking glow v0.11.2
[INFO] [stderr]     Checking rand_core v0.6.4
[INFO] [stderr]     Checking tiny-skia v0.7.0
[INFO] [stderr]     Checking aho-corasick v0.7.19
[INFO] [stderr]     Checking wayland-cursor v0.29.5
[INFO] [stderr]    Compiling tokio v1.21.2
[INFO] [stderr]     Checking regex-syntax v0.6.27
[INFO] [stderr]    Compiling async-trait v0.1.58
[INFO] [stderr]     Checking rand_chacha v0.3.1
[INFO] [stderr]     Checking atty v0.2.14
[INFO] [stderr]     Checking mio v0.8.4
[INFO] [stderr]     Checking num_cpus v1.13.1
[INFO] [stderr]     Checking raw-window-handle v0.4.3
[INFO] [stderr]     Checking regex v1.6.0
[INFO] [stderr]     Checking instant v0.1.12
[INFO] [stderr]     Checking humantime v2.1.0
[INFO] [stderr]     Checking rand v0.8.5
[INFO] [stderr]     Checking futures-intrusive v0.5.0
[INFO] [stderr]     Checking dotenv v0.15.0
[INFO] [stderr]    Compiling thiserror-impl v1.0.37
[INFO] [stderr]    Compiling foreign-types-macros v0.2.2
[INFO] [stderr]    Compiling futures-macro v0.3.25
[INFO] [stderr]    Compiling tokio-macros v1.8.0
[INFO] [stderr]     Checking env_logger v0.9.1
[INFO] [stderr]     Checking foreign-types v0.5.0
[INFO] [stderr]     Checking calloop v0.10.1
[INFO] [stderr]     Checking naga v0.10.0
[INFO] [stderr]     Checking futures-executor v0.3.25
[INFO] [stderr]     Checking futures v0.3.25
[INFO] [stderr]     Checking wgpu-hal v0.14.0
[INFO] [stderr]     Checking sctk-adwaita v0.4.2
[INFO] [stderr]     Checking winit v0.27.3
[INFO] [stderr]     Checking wgpu v0.14.0
[INFO] [stderr]     Checking neonet2 v0.1.1 (/opt/rustwide/workdir)
[INFO] [stdout] error[E0432]: unresolved import `wasm_bindgen`
[INFO] [stdout]  --> tests/app.rs:2:5
[INFO] [stdout]   |
[INFO] [stdout] 2 | use wasm_bindgen::JsValue;
[INFO] [stdout]   |     ^^^^^^^^^^^^ use of undeclared crate or module `wasm_bindgen`
[INFO] [stdout] 
[INFO] [stdout] 
[INFO] [stdout] error[E0432]: unresolved import `wasm_bindgen_futures`
[INFO] [stdout]  --> tests/app.rs:3:5
[INFO] [stdout]   |
[INFO] [stdout] 3 | use wasm_bindgen_futures::JsFuture;
[INFO] [stdout]   |     ^^^^^^^^^^^^^^^^^^^^ use of undeclared crate or module `wasm_bindgen_futures`
[INFO] [stdout] 
[INFO] [stdout] 
[INFO] [stdout] error[E0432]: unresolved imports `wasm_bindgen_test`, `wasm_bindgen_test::wasm_bindgen_test_configure`
[INFO] [stdout]  --> tests/app.rs:4:5
[INFO] [stdout]   |
[INFO] [stdout] 4 | use wasm_bindgen_test::{wasm_bindgen_test, wasm_bindgen_test_configure};
[INFO] [stdout]   |     ^^^^^^^^^^^^^^^^^                      ^^^^^^^^^^^^^^^^^^^^^^^^^^^
[INFO] [stdout]   |     |
[INFO] [stdout]   |     use of undeclared crate or module `wasm_bindgen_test`
[INFO] [stdout] 
[INFO] [stdout] 
[INFO] [stdout] error: cannot determine resolution for the macro `wasm_bindgen_test_configure`
[INFO] [stdout]  --> tests/app.rs:6:1
[INFO] [stdout]   |
[INFO] [stdout] 6 | wasm_bindgen_test_configure!(run_in_browser);
[INFO] [stdout]   | ^^^^^^^^^^^^^^^^^^^^^^^^^^^
[INFO] [stdout]   |
[INFO] [stdout]   = note: import resolution is stuck, try simplifying macro imports
[INFO] [stdout] 
[INFO] [stdout] 
[INFO] [stdout] error: cannot determine resolution for the attribute macro `wasm_bindgen_test`
[INFO] [stdout]   --> tests/app.rs:15:3
[INFO] [stdout]    |
[INFO] [stdout] 15 | #[wasm_bindgen_test]
[INFO] [stdout]    |   ^^^^^^^^^^^^^^^^^
[INFO] [stdout]    |
[INFO] [stdout]    = note: import resolution is stuck, try simplifying macro imports
[INFO] [stdout] 
[INFO] [stdout] 
[INFO] [stdout] error: cannot determine resolution for the attribute macro `wasm_bindgen_test`
[INFO] [stdout]   --> tests/app.rs:22:3
[INFO] [stdout]    |
[INFO] [stdout] 22 | #[wasm_bindgen_test(async)]
[INFO] [stdout]    |   ^^^^^^^^^^^^^^^^^
[INFO] [stdout]    |
[INFO] [stdout]    = note: import resolution is stuck, try simplifying macro imports
[INFO] [stdout] 
[INFO] [stdout] 
[INFO] [stdout] error[E0433]: failed to resolve: use of undeclared crate or module `js_sys`
[INFO] [stdout]   --> tests/app.rs:26:19
[INFO] [stdout]    |
[INFO] [stdout] 26 |     let promise = js_sys::Promise::resolve(&JsValue::from(42i32));
[INFO] [stdout]    |                   ^^^^^^ use of undeclared crate or module `js_sys`
[INFO] [stdout] 
[INFO] [stdout] 
[INFO] [stdout] error: aborting due to 7 previous errors
[INFO] [stdout] 
[INFO] [stdout] 
[INFO] [stdout] Some errors have detailed explanations: E0432, E0433.
[INFO] [stdout] 
[INFO] [stdout] For more information about an error, try `rustc --explain E0432`.
[INFO] [stdout] 
[INFO] [stderr] error: could not compile `neonet2` (test "app") due to 8 previous errors
[INFO] running `Command { std: "docker" "inspect" "08d4366f731d031e1f1c32d9ab12e63d0b7cc18ac4184f28a7a93ea1bf926566", kill_on_drop: false }`
[INFO] running `Command { std: "docker" "rm" "-f" "08d4366f731d031e1f1c32d9ab12e63d0b7cc18ac4184f28a7a93ea1bf926566", kill_on_drop: false }`
[INFO] [stdout] 08d4366f731d031e1f1c32d9ab12e63d0b7cc18ac4184f28a7a93ea1bf926566
